e factors of ((-3)/2)/((-3)/a).
2
Let c be 9*((-1)/(-3))/1. Suppose j - 5 = 5*l, -c*j + l + 2*l + 3 = 0. Suppose j*o + 2*o = 14. What are the prime factors of o?
7
Let p = -59 - -191. What are the prime factors of p?
2, 3, 11
Suppose 0 = -2*d + 5*r + 185 + 172, -518 = -3*d + 4*r. List the prime factors of d.
2, 83
Let b be (-10)/(-6) + 1/3. Let y be 0 + 2/(-1) + b. Suppose y = 2*u + u - 12. List the prime factors of u.
2
What are the prime factors of (3 - -9) + (2 - 1)?
13
Let z = -21 - -21. List the prime factors of z/(-3) - (0 + -34).
2, 17
List the prime factors of ((-15)/(-6) - 2)*(-1 - -219).
109
Suppose 2*v - 44 = -4*y, 26 = 3*v - 3*y + y. Let c = v + -4. What are the prime factors of c?
2
Suppose 0 = 3*a - 12, 5*h = -4*a + 5 + 6. List the prime factors of 2 - (-1 - (h + 16)).
2, 3
Let c be ((-4)/1)/((-3)/(-3)). What are the prime factors of (-135)/(-4) + (-1)/c?
2, 17
Let m(b) = -b**3 + 11*b**2 + 14*b. List the prime factors of m(12).
2, 3
Let u = 20 + -14. Let o = 9 - u. List the prime factors of o.
3
Let t be ((-80)/28)/(2/(-7)). What are the prime factors of 6/t - (-644)/35?
19
Let v be 28/8*8/14. Let x(r) = -2*r**2 + r**3 + 7*r**2 + 2*r**v - r + 7. What are the prime factors of x(-7)?
2, 7
Let m(d) = -d**3 - 7*d**2 + 2*d + 6. Let t be m(-8). Let v = 105 - t. What are the prime factors of v?
3, 17
Let c(g) = -g + 8. Let u be c(8). Suppose 0*h - 2*h + 26 = u. List the prime factors of h.
13
Let o be (-2319)/(-15) - (-8)/20. Suppose -5*w = -0*w - o. List the prime factors of w.
31
Let z(m) = m**2 - 1. Let h be z(-2). Let c(s) = 0*s + s - 4*s - h*s**2 + 5*s**2. List the prime factors of c(2).
2
Let j = 220 - 20. List the prime factors of j.
2, 5
Suppose h = 2*h. Suppose -3 = -p + 2*i - 7, h = p - 4*i + 10. Suppose 0*j - p*j = -24. List the prime factors of j.
2, 3
Let h(f) = -78*f - 1. What are the prime factors of h(-1)?
7, 11
Suppose i = -4*i + 2*p + 19, 0 = p + 2. Suppose -2*d + 51 = -4*d - i*y, 0 = -5*y + 15. What are the prime factors of (-192)/d + (-4)/10?
2, 3
Let a be ((-6)/(-4))/((-27)/(-36)). List the prime factors of (1/(-2))/(a/(-40)).
2, 5
Let m(g) = g**2 + 2*g - 3. Let i be m(2). Suppose -i*o + 159 = -2*o. What are the prime factors of o?
53
Suppose 3 = d + 3*l, 4*d - 3 = 2*l - 5*l. Suppose -4*p + 1 + 31 = d. List the prime factors of p.
2
Suppose 211 = 6*u - 59. What are the prime factors of u?
3, 5
Let k(a) = a**3 + 3*a**2 - a - 1. Let g = -8 - -5. Let z be k(g). Let q = 3 + z. List the prime factors of q.
5
Suppose 2 = p - 3. Suppose 2*u + 46 = p*z - 6, 2*u = 3*z - 32. What are the prime factors of z?
2, 5
Let q = -4 + 17. What are the prime factors of q?
13
Suppose -5*l - 3*p + 9 = -46, 2*l - 6 = 2*p. Let o = 15 - l. What are the prime factors of o?
7
Let n be -1*(-3 - -3 - 0). Let m(z) = z**3 - z**2 - z + 2. List the prime factors of m(n).
2
Let j = -61 - -91. List the prime factors of j.
2, 3, 5
Let k = 249 + -178. Suppose k = -3*t - 16. Let v = -21 - t. List the prime factors of v.
2
Suppose 0 = j - 4*u - 11, -4 = -4*j + 2*j - u. Suppose 2*n + 8 = j*h + 23, 4*n - 4*h = 24. What are the prime factors of n + -3 + 2/1?
2
Suppose 0 = -2*b - b + 351. List the prime factors of b.
3, 13
Let g(q) = 3*q**2 - q - 1. Let d be g(2). List the prime factors of (-4)/3*d/(-2).
2, 3
Let r(x) = -4 + 45*x**3 + 4 + 1 + 4*x**3. What are the prime factors of r(1)?
2, 5
Let i(x) = x + 0 - 2 + 0. List the prime factors of i(7).
5
Suppose 2*m = 3*h + 34, -13 = 2*h + m + 12. Let y = 26 + h. List the prime factors of y.
2, 7
List the prime factors of 3/(2/(368/6)).
2, 23
Let a(r) = 15*r - 2. List the prime factors of a(2).
2, 7
Suppose -5*p + 149 = 2*x, -53 = -4*x + 4*p + 203. List the prime factors of x.
67
Let d = 55 + -26. What are the prime factors of d?
29
What are the prime factors of (17 + -22)*184/(-10)?
2, 23
Let q be (-424)/14*(-7)/2. Suppose -22 + q = 7*g. List the prime factors of g.
2, 3
Let u = 6 - -4. Let y be (-6*1)/((-15)/u). List the prime factors of (y - 2) + -2 - -4.
2
Let g(h) = 3*h - 4. Let u be g(3). Suppose u*a + 8 = 93. List the prime factors of a.
17
Let h(g) = -22*g. Let f(c) = 3 + 2*c - 2*c**2 - c**3 + 0*c**3 + 0*c**3. Let q be f(-2). What are the prime factors of h(q)?
2, 11
Suppose j + g - 36 = 0, j + 5*g = 39 + 1. List the prime factors of j.
5, 7
Let u(o) = -o**3 + 8*o**2 + 2*o - 1. Let k = -12 + 20. What are the prime factors of u(k)?
3, 5
Let m(o) = -o - 8. Let y be m(-10). Let i(g) be the third derivative of g**5/60 + g**3/6 - g**2. List the prime factors of i(y).
5
Let z be (-4 + 2)*(-8 + -1). Suppose -z = -4*w + w. What are the prime factors of w?
2, 3
Suppose 0 = -3*u + 4*o + 154, 9*o = -5*u + 4*o + 245. List the prime factors of u.
2, 5
Let b be 2 + -2 + 0 + 2. Let p(h) = 2*h - h**b + 2*h + 3*h + 6. What are the prime factors of p(7)?
2, 3
What are the prime factors of (-6)/(-39) + (-74)/(-26)?
3
Suppose s - 1 = -5. Let h = s - -3. Let r = h - -7. List the prime factors of r.
2, 3
Let a(x) = 12*x. Let w be a(1). Suppose 2*h - h = 0, -w = -3*k - 3*h. What are the prime factors of k?
2
Let v(m) be the first derivative of m**4/4 - 2*m**3 + m**2 - 3*m + 1. What are the prime factors of v(6)?
3
Let o(d) = d + 7. List the prime factors of o(7).
2, 7
Let l = 8 - 2. Let s(t) = t**3 - 6*t**2. Let j be s(l). Suppose -2*w + 4*q + 28 = -j*w, 3*w - 22 = -4*q. List the prime factors of w.
2, 5
Let v(m) = -m**2 + 7*m - 10. Let y(x) = 5*x**2 - 28*x + 41. Let h(p) = -9*v(p) - 2*y(p). What are the prime factors of h(-7)?
2
Suppose 5*p = 2*p + 27. Let k = p + -3. Let w = k - 4. List the prime factors of w.
2
Suppose 4*v - 5*b = 20, 3*v + 3*b + 20 = -2*b. Suppose -y - y + 36 = v. List the prime factors of y.
2, 3
Let g(z) = -7*z**2 - 7*z + 16. Let f(m) = -3*m**2 - 3*m + 8. Let y(s) = 9*f(s) - 4*g(s). Let a be y(0). Suppose a*w - 20 = 4*w. List the prime factors of w.
5
Let a = -253 - -454. What are the prime factors of a?
3, 67
Let u = 45 - -3. Suppose -a - u - 40 = -4*n, a - 96 = -4*n. List the prime factors of n.
23
Suppose -3 - 3 = 3*k. Let j be (-1)/(-2)*k*-12. Suppose j = 3*m - 24. List the prime factors of m.
2, 3
Suppose 4*b = 3*b + 2. Suppose 0 = o - b*o + 5. Let v(x) = 3*x - 1. What are the prime factors of v(o)?
2, 7
Suppose -3*v - u = -10, 0*v + 18 = v + 4*u. List the prime factors of v.
2
Suppose 11*x - 22 = 9*x. What are the prime factors of x?
11
Let y be 51/12 - (-6)/8. Suppose -6*j + y*j = 0. Suppose 0 = -j*s - s + 3. What are the prime factors of s?
3
Suppose l = 4*g - 32, 2 = 3*l + 2*g + 28. Let c be 3*l/(-9) + 1. Suppose c*w + 2*u - 63 = 0, 34 = 2*w + 4*u - u. What are the prime factors of w?
11
Suppose 4*y + 4 - 20 = 0. Suppose 0 = 6*w - 4*w - y. Suppose 2*j = -w*j + 60. What are the prime factors of j?
3, 5
List the prime factors of 10/(7*8/1708).
5, 61
List the prime factors of 66/(-1 + -1)*(-99)/33.
3, 11
Suppose 0 = -5*f + 5, 2*f - 87 = -3*l + 5*f. Suppose l = 3*n + 9. What are the prime factors of n?
7
Suppose 5*v = 197 + 228. Suppose 0 = 6*l - 11*l + v. What are the prime factors of l?
17
Let b be 3/6 + 6/4. Suppose -w = -1, -6*n + n = 4*w + 6. What are the prime factors of 0 - b - (-6 + n)?
2, 3
Let n(q) be the third derivative of q**4/12 + 11*q**3/6 - 8*q**2. What are the prime factors of n(13)?
37
Let g be (-2)/7 - (-372)/(-21). Let i be (-1)/(-6) - 213/g. Let k = 0 + i. List the prime factors of k.
2, 3
Let w(g) = g + 2. Let d be w(3). Suppose 0 = 3*o - 15 + 3, 3*o = -d*a + 112. List the prime factors of a.
2, 5
Let k be 1/2 + 789/6. Suppose -2*w = 4*g - 2*g + k, 3*g = 3*w - 180. List the prime factors of 1/2 - g/6.
11
What are the prime factors of 18/24 + 554/8?
2, 5, 7
Let t = -32 - 28. Let b be (8/20)/((-3)/t). Suppose x - b = 13. List the prime factors of x.
3, 7
Suppose -42 = -r + p, 2*p = p - 1. What are the prime factors of r?
41
Suppose -c + 4*t = 5, 4*t - 26 = c + c. Let a = -10 - -43. Let d = a + c. List the prime factors of d.
2, 3
Let l = -12 + 21. Let h be ((-5)/(-2))/(19/38). Let u = l - h. What are the prime factors of u?
2
Suppose 0 = 4*r - 7 - 17. Suppose -2*t - r + 32 = 0. Let j = t + -3. List the prime factors of j.
2, 5
Suppose 2*a = 5*q + 102, -41 = 2*q + 4*a + 19. Let p = 4 - q. What are the prime factors of p?
2, 13
Let o = 9 + -5. Let r be 54 + o*2/(-4). Suppose 5*f